{"id":4372,"date":"2021-10-05T19:53:44","date_gmt":"2021-10-05T17:53:44","guid":{"rendered":"https:\/\/dev.patisserie-sakka.com\/?post_type=product&#038;p=4372"},"modified":"2026-02-12T12:11:40","modified_gmt":"2026-02-12T11:11:40","slug":"kaak-warka-100-g","status":"publish","type":"product","link":"https:\/\/www.patisserie-sakka.com\/index.php\/produit\/kaak-warka-100-g\/","title":{"rendered":"Kaak warka 100 g"},"content":{"rendered":"<p>Kaak warka<br \/>\nNombre de pi\u00e8ces par kilo: 55pcs<\/p>\n","protected":false},"excerpt":{"rendered":"<p>Kaak warka<br \/>\nNombre de pi\u00e8ces par kilo: 55 pcs<\/p>\n<p>Le k\u00e2ak warka est une p\u00e2tisserie traditionnelle tunisienne\u00a0\u00e0 base de farine, de sucre, de beurre\u00a0et d&rsquo;amandes\u00a0en poudre. De l&rsquo;eau de rose\u00a0y est ajout\u00e9e.Ce type de p\u00e2tisserie est souvent pr\u00e9sent\u00e9 sous forme d&rsquo;anneaux.<\/p>\n<p>Ingr\u00e9dients: Amande, farine, sucre, Eau de rose.<\/p>\n","protected":false},"featured_media":14306,"comment_status":"open","ping_status":"closed","template":"","meta":[],"product_cat":[118],"product_tag":[],"class_list":["post-4372","product","type-product","status-publish","has-post-thumbnail","hentry","product_cat-fekia"],"_links":{"self":[{"href":"https:\/\/www.patisserie-sakka.com\/index.php\/wp-json\/wp\/v2\/product\/4372","targetHints":{"allow":["GET"]}}],"collection":[{"href":"https:\/\/www.patisserie-sakka.com\/index.php\/wp-json\/wp\/v2\/product"}],"about":[{"href":"https:\/\/www.patisserie-sakka.com\/index.php\/wp-json\/wp\/v2\/types\/product"}],"replies":[{"embeddable":true,"href":"https:\/\/www.patisserie-sakka.com\/index.php\/wp-json\/wp\/v2\/comments?post=4372"}],"wp:featuredmedia":[{"embeddable":true,"href":"https:\/\/www.patisserie-sakka.com\/index.php\/wp-json\/wp\/v2\/media\/14306"}],"wp:attachment":[{"href":"https:\/\/www.patisserie-sakka.com\/index.php\/wp-json\/wp\/v2\/media?parent=4372"}],"wp:term":[{"taxonomy":"product_cat","embeddable":true,"href":"https:\/\/www.patisserie-sakka.com\/index.php\/wp-json\/wp\/v2\/product_cat?post=4372"},{"taxonomy":"product_tag","embeddable":true,"href":"https:\/\/www.patisserie-sakka.com\/index.php\/wp-json\/wp\/v2\/product_tag?post=4372"}],"curies":[{"name":"wp","href":"https:\/\/api.w.org\/{rel}","templated":true}]}}